571. Let d = l + -904. Suppose -5*g + d = -0*g + 3*w, 3*w = -4*g + 359. Is g composite?
False
Let c(p) = p - 15. Let k be c(18). Suppose k*b + 35 = -5*h + 839, -3 = -b. Is h a prime number?
False
Let f = 80 - -327. Is f a prime number?
False
Suppose 5*n - 17 - 3 = 0. Suppose x + 363 = n*x. Is x composite?
True
Suppose -1637952 = -9*i - 250575. Is i prime?
True
Suppose 2*h - 291 = -c - 69, h - 111 = -2*c. Is h a prime number?
False
Let s = -28313 - -40692. Is s a prime number?
True
Let r = 66 - 61. Suppose r*h = 4*h + 317. Is h a prime number?
True
Suppose 3213 = 5*z + 58. Is z composite?
False
Let j = -75035 + 126976. Is j prime?
True
Let y(l) = -3*l + 28. Let h be y(10). Is (h + (-4)/(-6))*-120 + -3 a composite number?
False
Suppose -3*z + 5*m + 19 = 0, -15 = -5*z + 5*m + 10. Suppose -8827 = -z*h - 3070. Is h a prime number?
False
Suppose -4*o + 443 = -3*o. Let r = o + -192. Is r composite?
False
Suppose v + 4*l - 10633 = 6328, -2*v + l = -33895. Is v composite?
True
Suppose 5 = -5*p, -3*k + k = -5*p - 165. Let f(j) = -4 + 11 - 4 + 6 + k*j. Is f(4) a prime number?
False
Let k(o) = 468*o - 25. Is k(4) a prime number?
True
Let p(q) = 3*q**3 - 6*q**2 + 5*q - 3. Let c be p(4). Let x = 630 - c. Is x a composite number?
True
Suppose -7*u = -12*u + 3635. Let c = 1230 - u. Is c a composite number?
False
Let j be 108/(-24)*(-2)/3. Let a(c) = -c - 6. Let o be a(-6). Suppose -5*q + 5*v + 435 = o, j*q = -2*v + 453 - 182. Is q composite?
False
Is ((-30)/75)/(6/(-1335)) prime?
True
Let v(s) = 2*s**2 + 18*s + 15. Suppose -148 = -4*b + 2*w, 5 - 1 = w. Suppose -3*o = -4*f + 24, -3*o + f + 6 = b. Is v(o) composite?
True
Let b(q) = 82*q + 7. Let s be b(4). Let n be -1 - (-1 - -3) - s. Let k = -127 - n. Is k composite?
False
Suppose 78242 + 92898 = 20*f. Is f composite?
True
Suppose 3*q + 23 = 4*j, -3*j + 6*j = 4*q + 19. Suppose 3*r - 6 = 0, -5*a = 11*r - 10*r + 943. Is q/(-2) + a/(-14) a composite number?
True
Suppose -3*t + 181 = -2*s, 79 - 548 = 5*s - 2*t. Let n = s + 184. Is n prime?
True
Let x be (-2)/4*-2137*6/(-3). Is (-4)/(-8) - (x/2 + 0) a composite number?
False
Suppose 40*j - 44*j + 7444 = 0. Is j composite?
False
Suppose -3*s = 4*o + 14, 5*s - 5*o + 2 = -o. Let b = s - -8. Is (27/6)/(b/8) a prime number?
False
Let n(a) = -a**3 - 7*a**2 - 9*a - 13. Let v be n(-6). Suppose 120 = f - 3*j - 36, -5*j + v = 0. Is f a composite number?
True
Let w(a) = 302*a**2 + 252*a**2 + 0 + 1 + 896*a**2. Is w(-2) composite?
False
Let h(s) = 57*s**3 + 17*s**2 + 12*s - 15. Is h(6) a prime number?
False
Let v(r) = 224*r**2 + 9*r - 48. Is v(-11) composite?
True
Let f(v) = v**3 - 8*v**2 - 7*v - 12. Let j be f(9). Suppose -1594 = -5*d + 3*o, -3*o = -4*d - j*o + 1259. Is d a composite number?
False
Let w(p) = -25*p**2 - p - 21. Let x be w(-7). Let z = 1760 + x. Is z composite?
False
Let x be (0 - 0)/(8/(-28)*-7). Suppose 4*w + 61 - 3513 = x. Is w prime?
True
Let d(o) = -2138*o + 3. Is d(-2) prime?
False
Suppose -4*b + b = 3*p + 6, 0 = 2*b - 5*p - 24. Suppose -10 + 6 = -b*n. Suppose n*c - 237 - 85 = 0. Is c a prime number?
False
Suppose -27 = 3*u - 219. Let n be u/(-10) + (-2)/(-5). Is (-1016)/(-48) - (-1)/n composite?
True
Let a be 40914/4 + ((-9)/6 - -1). Suppose 27*g - 31*g = -a. Is g composite?
False
Let v = 9338 + -3547. Is v prime?
True
Suppose 14*b + 41221 = 131115. Is b a composite number?
False
Let d = -85 - -89. Suppose d*z + 370 = 2*m, -6*z + 779 = 4*m - z. Is m prime?
True
Is 3942 + (-3 + 1 - (-1 + 0)) prime?
False
Let r = 8 + 0. Let m(d) = -d + 6. Let v be m(r). Is (-1868)/6*3/v prime?
True
Suppose -5*g - 2*a - a = -162, -5*g + 4*a + 169 = 0. Suppose 2*q + 5*f = -g, 0 = -4*q + 2*f - 4 - 2. Is (2 - (-430)/q)*-2 a prime number?
True
Suppose -20*h + 42855 = -5*h. Is h a prime number?
True
Suppose 2*f = 3*f, 5*m - 5*f = 4795. Suppose -x = -84 - m. Is x a prime number?
False
Suppose -b + 102 = -2*b + 4*h, -4*b = 5*h + 492. Let p = 103 - b. Is p a prime number?
False
Suppose -13*v = -10*v - 15. Suppose v*l = 10*l - 7055. Is l composite?
True
Let o = -2537 + 4212. Suppose 0 = 3*d - 4*g - o, 5*d = -g - 0*g + 2830. Suppose 955 = 5*q - 5*x, -x - d = -3*q - 0*x. Is q prime?
False
Suppose 0 = u + 3*m - 25, 5*m + 15 = -0*m. Is u a prime number?
False
Let s be 3 + (-9)/(-4) - (-2)/(-8). Suppose -10 = -5*r - 0. Suppose s*x - j - 4257 = 0, -r*x - 406 = -j - 2110. Is x prime?
False
Let r be 2/9 + 1/((-54)/37488). Let b = r - -1323. Is b composite?
True
Let x be 1/(-3*4/(-180)). Suppose -4*m + n - 80 = -7*m, 98 = 4*m - 3*n. Let o = m - x. Is o a composite number?
False
Suppose 0*t + 4*t = 20, -5*j = 2*t. Let h(x) = 8 + 13 - 63*x - 20. Is h(j) composite?
False
Is ((-1)/3*223)/((-4)/132) a composite number?
True
Suppose -2*s + 2 = 2*d, -8 = 3*d - 5*d - 5*s. Let b(t) = -3*t + 1. Let a be b(d). Suppose a*x - 601 - 111 = 0. Is x a composite number?
True
Suppose -7*t + 1920 = -3*t. Suppose j - 3*l + 2*l - t = 0, 4*j = 2*l + 1914. Let r = j - 328. Is r a composite number?
False
Let d(x) = 652*x**2 + 54*x - 2. Is d(4) prime?
False
Let a(k) = -3 - 4*k**3 - 3*k - k**2 - 6*k**2 + 2*k**2. Let t(i) = -3*i**2 - 54*i - 4. Let l be t(-18). Is a(l) prime?
False
Suppose i + 211 = 4*t - 77, 900 = -3*i + 3*t. Let b = 439 - i. Is b prime?
True
Is (3/((-30)/4))/((-14)/4970) a composite number?
True
Suppose -129 = -7*j + 2832. Suppose h + 2*h = j. Is h prime?
False
Let l(a) = a**3 - 4*a**2 - 8*a - 1. Let d be l(7). Let p be (d/8)/((-1)/12). Let q = p - -230. Is q prime?
False
Suppose 0 = 4*d - 4*y - 72072, 5*d - 90060 = -2*y + y. Is d a prime number?
True
Suppose -154485 = 30*b - 75*b. Is b composite?
False
Let z(l) = -604*l - 217. Is z(-6) a composite number?
False
Let d = 2030 + 1379. Is d a composite number?
True
Is 23554*5/30*3 prime?
True
Let a = 5422 - 2889. Is a a prime number?
False
Suppose -18*t = -14*t - 36. Let q(r) = -r**3 + 7*r**2 - 2*r + 6. Let b be q(6). Let g = b + t. Is g prime?
False
Let z(a) = -3420*a**3 + 2*a**2 - 5*a - 17. Is z(-2) a prime number?
True
Let n = -9 - -11. Let y(z) = 8 - 1 - 2*z + 4 - 4*z**n + z**3. Is y(8) a prime number?
True
Let u(i) = -853*i**3 - i**2 - 2*i - 1. Is u(-1) a composite number?
False
Let y = 4821 + -3015. Suppose -5*b + y = -2639. Is b composite?
True
Is 57*(-5)/(-15) + (-1 - 4) a prime number?
False
Suppose 0*v = v - 14. Let z = 13 - v. Is z/(-1)*(35 + 2) a prime number?
True
Suppose 0 = 5*i - a + 3, -2*i + 9 = a + 2*a. Is -2*(-2965)/(-10)*(i - 1) composite?
False
Suppose -3*y - 4*t = 45, 10*t + 15 = 5*t. Let j(u) = -u**2 - 5*u - 6. Let n be j(-3). Is (y - -9) + 81 + n a composite number?
False
Suppose -19*a + 94323 + 79394 = 0. Is a a composite number?
True
Suppose 12 = 31*i - 27*i. Suppose -f = -i*f + 410. Is f prime?
False
Let l(c) = -2*c**2 - 2*c - 2. Let h be l(-4). Let y = 22 + h. Is (199/3)/(y/(-12)) prime?
True
Let x(t) = -t**2 + 6*t + 11. Let l be x(7). Suppose 0 = -l*g + 3*s + 6227, 4*g = -g + 3*s + 7786. Is g composite?
False
Suppose 5*w - 3*w - 96 = -4*g, 5*g = 5*w - 180. Is w/6*12 + -1 a prime number?
True
Let u(v) be the second derivative of 65*v**4/12 + 5*v**3/6 + 7*v**2/2 + v. Let b(f) = -2*f. Let q be b(1). Is u(q) composite?
False
Suppose 4*p = 4*h + 20, p - 3 = 2*h + 3. Let x be (8 + -6)*658/p. Suppose -f - a = -112, 3*f - 3*a = a + x. Is f a composite number?
True
Suppose 2*i + 2*u = -2, 0*u + 4*u + 14 = i. Suppose -2*q + 5*q - 1240 = -r, -i*r - 2*q + 2500 = 0. Is r composite?
True
Suppose 254*j = 243*j + 100199. Is j a composite number?
False
Suppose -289*b = -288*b - 2173. Is b a composite number?
True
Let s(p) = -3*p - 9. Let x be s(-7). Let w = 6 - x. Is (-654)/w*1/1 composite?
False
Let z = -48 - -29. Let v = z + 23. Suppose -4*y + 2*i + 206 = -0*i, 4*y - 208 = v*i. Is y a composite number?
True
Let x(d) = d**3 + 15*d**2 + 15*d + 16. Let s be x(-10). Suppose -7*k + 2273 = -s. Is k a prime number?
False
Let z(s) = 207*s**2 - 2*s - 1. Suppose -j + 0*j + 3*w + 11 = 0, 3*j + 23 = -5*w. Let r be z(j). Suppose -r = -l - 5. Is l composite?
True
Let h = 16 + -11. Suppose h*d + 90 = 435. Is d a prime number?
False
Suppose 9*i + 4*y - 755 = 6*i, -5*i - y + 1247 = 0. Is i a composite number?
True
Suppose j - 3*o = -12, -1 = 2*j + 5*o - 32. Suppose -k - a + 1955 = k, -3*k + j*a = -2946. Is k prime?
False
Let b(n) = -n**2 - 1. Let c(g) =